{"id":9864,"date":"2025-01-03T23:44:50","date_gmt":"2025-01-03T22:44:50","guid":{"rendered":"http:\/\/wordpress.feuerwehr-helmstedt.de\/?page_id=9864"},"modified":"2025-01-03T23:45:04","modified_gmt":"2025-01-03T22:45:04","slug":"pressportal-newsfeed","status":"publish","type":"page","link":"https:\/\/feuerwehr-helmstedt.de\/?page_id=9864","title":{"rendered":"Pressportal Newsfeed"},"content":{"rendered":"<div class=\"feedzy-00f5730e763de1922d77ed5dfa4883cc feedzy-rss\"><div class=\"rss_header\"><h2><a href=\"https:\/\/www.presseportal.de\/blaulicht\/nr\/154352\" class=\"rss_title\" rel=\"noopener\">Presseportal.de &#8211; Feuerwehr Helmstedt<\/a> <span class=\"rss_description\"> Portal f\u00fcr aktuelle Presseinformationen von diversen Polizeistationen in Deutschland<\/span><\/h2><\/div><ul><li  style=\"padding: 15px 0 25px\" class=\"rss_item\"><div class=\"rss_image\" style=\"height:150px;width:150px;\"><a href=\"https:\/\/www.presseportal.de\/blaulicht\/pm\/154352\/6337940\" target=\"_blank\" rel=\" noopener\" title=\"FW Helmstedt: Lkw Auflieger brennt auf Autobahn\" style=\"height:150px;width:150px;\"><img decoding=\"async\" src=\"https:\/\/cache.pressmailing.net\/thumbnail\/story_small\/e9e55518-e5e4-4584-beb3-4dbcfcca6e42\/49183edb-dafc-4871-b~0-7ba9c34be117.jpeg\" title=\"FW Helmstedt: Lkw Auflieger brennt auf Autobahn\" style=\"height:150px;width:150px\"><\/a><\/div><span class=\"title\"><a href=\"https:\/\/www.presseportal.de\/blaulicht\/pm\/154352\/6337940\" target=\"_blank\" rel=\" noopener\">FW Helmstedt: Lkw Auflieger brennt auf Autobahn<\/a><\/span><div class=\"rss_content\" style=\"\"><small>von <a href=\"\/\/www.presseportal.de\" target=\"_blank\" title=\"www.presseportal.de\">info@presseportal.de (presseportal.de)<\/a> am 22. August 2026 um 07:03 <\/small><p>Helmstedt (ots) &#8211; 22.08.2026, 05:01 Uhr. Rennau &gt; HE-West, BAB2 Gemeldet wurde ein brennender LKW auf der BAB2 in Fahrtrichtung Berlin. Vor Ort best\u00e4tigte sich die Meldung, es brannte ein Auflieger beladen mit Getr\u00e4nkeflaschen bereits in voller &#8230;<\/p><\/div><\/li><li  style=\"padding: 15px 0 25px\" class=\"rss_item\"><div class=\"rss_image\" style=\"height:150px;width:150px;\"><a href=\"https:\/\/www.presseportal.de\/blaulicht\/pm\/154352\/6333108\" target=\"_blank\" rel=\" noopener\" title=\"FW Helmstedt: Feuer auf Balkon - Dachstuhl betroffen\" style=\"height:150px;width:150px;\"><img decoding=\"async\" src=\"https:\/\/cache.pressmailing.net\/thumbnail\/story_small\/55af5aab-b2ec-42ce-bc1e-e464cf8f9e13\/IMG_2233.jpeg\" title=\"FW Helmstedt: Feuer auf Balkon - Dachstuhl betroffen\" style=\"height:150px;width:150px\"><\/a><\/div><span class=\"title\"><a href=\"https:\/\/www.presseportal.de\/blaulicht\/pm\/154352\/6333108\" target=\"_blank\" rel=\" noopener\">FW Helmstedt: Feuer auf Balkon &#8211; Dachstuhl betroffen<\/a><\/span><div class=\"rss_content\" style=\"\"><small>von <a href=\"\/\/www.presseportal.de\" target=\"_blank\" title=\"www.presseportal.de\">info@presseportal.de (presseportal.de)<\/a> am 14. August 2026 um 05:14 <\/small><p>Helmstedt (ots) &#8211; \ud83d\ude92 Einsatzinfo Stadt Helmstedt \ud83d\ude92 13.08.2026, 16:21 Uhr. Ernst-Reuter-Stra\u00dfe, Helmstedt Gemeldet wurde ein Feuer auf einem Balkon mit m\u00f6glichem \u00dcbergriff auf den Dachstuhl eines Mehrfamilienhauses in der &#8230;<\/p><\/div><\/li><li  style=\"padding: 15px 0 25px\" class=\"rss_item\"><div class=\"rss_image\" style=\"height:150px;width:150px;\"><a href=\"https:\/\/www.presseportal.de\/blaulicht\/pm\/154352\/6325741\" target=\"_blank\" rel=\" noopener\" title=\"FW Helmstedt: Altersabteilung besucht Schlachterei\" style=\"height:150px;width:150px;\"><img decoding=\"async\" src=\"https:\/\/cache.pressmailing.net\/thumbnail\/story_small\/04485c64-9ddc-4749-b646-9dda5ff589b3\/IMG_1972.jpeg\" title=\"FW Helmstedt: Altersabteilung besucht Schlachterei\" style=\"height:150px;width:150px\"><\/a><\/div><span class=\"title\"><a href=\"https:\/\/www.presseportal.de\/blaulicht\/pm\/154352\/6325741\" target=\"_blank\" rel=\" noopener\">FW Helmstedt: Altersabteilung besucht Schlachterei<\/a><\/span><div class=\"rss_content\" style=\"\"><small>von <a href=\"\/\/www.presseportal.de\" target=\"_blank\" title=\"www.presseportal.de\">info@presseportal.de (presseportal.de)<\/a> am 2. August 2026 um 12:11 <\/small><p>Helmstedt (ots) &#8211; Am Donnerstag, den 30.07.2026, trafen sich die Altersabteilungen der Feuerwehren der Stadt Helmstedt zu einer gemeinsamen Veranstaltung. Ziel war die Besichtigung der Schlachterei L\u00f6ffelmann in Rennau. Die Veranstaltung wurde von &#8230;<\/p><\/div><\/li><li  style=\"padding: 15px 0 25px\" class=\"rss_item\"><div class=\"rss_image\" style=\"height:150px;width:150px;\"><a href=\"https:\/\/www.presseportal.de\/blaulicht\/pm\/154352\/6285293\" target=\"_blank\" rel=\" noopener\" title=\"FW Helmstedt: \u00dcbergabe des neuen L\u00f6schgruppenfahrzeuges LF 10\" style=\"height:150px;width:150px;\"><img decoding=\"async\" src=\"https:\/\/cache.pressmailing.net\/thumbnail\/story_small\/a7ba6eb8-b361-4125-942d-54dbbbc982cd\/IMG_9807.jpeg\" title=\"FW Helmstedt: \u00dcbergabe des neuen L\u00f6schgruppenfahrzeuges LF 10\" style=\"height:150px;width:150px\"><\/a><\/div><span class=\"title\"><a href=\"https:\/\/www.presseportal.de\/blaulicht\/pm\/154352\/6285293\" target=\"_blank\" rel=\" noopener\">FW Helmstedt: \u00dcbergabe des neuen L\u00f6schgruppenfahrzeuges LF 10<\/a><\/span><div class=\"rss_content\" style=\"\"><small>von <a href=\"\/\/www.presseportal.de\" target=\"_blank\" title=\"www.presseportal.de\">info@presseportal.de (presseportal.de)<\/a> am 31. Mai 2026 um 15:38 <\/small><p>Helmstedt (ots) &#8211; Im Rahmen einer Feierstunde am Emmerstedter Feuerwehr-Ger\u00e4tehaus wurde das neue L\u00f6schgruppenfahrzeug LF 10 von der Stadt Helmstedt nun auch offiziell an die Ortsfeuerwehr Emmerstedt \u00fcbergeben. Wittich Schobert, B\u00fcrgermeister &#8230;<\/p><\/div><\/li><li  style=\"padding: 15px 0 25px\" class=\"rss_item\"><div class=\"rss_image\" style=\"height:150px;width:150px;\"><a href=\"https:\/\/www.presseportal.de\/blaulicht\/pm\/154352\/6277290\" target=\"_blank\" rel=\" noopener\" title=\"FW Helmstedt: Wohnungsbrand im Fechtboden\" style=\"height:150px;width:150px;\"><img decoding=\"async\" src=\"https:\/\/cache.pressmailing.net\/thumbnail\/story_small\/d664cfd0-f234-4401-a30f-a38494f2dbe0\/9b2f4678-c72f-40ec-a~6-0a1b2bb86d5b.jpeg\" title=\"FW Helmstedt: Wohnungsbrand im Fechtboden\" style=\"height:150px;width:150px\"><\/a><\/div><span class=\"title\"><a href=\"https:\/\/www.presseportal.de\/blaulicht\/pm\/154352\/6277290\" target=\"_blank\" rel=\" noopener\">FW Helmstedt: Wohnungsbrand im Fechtboden<\/a><\/span><div class=\"rss_content\" style=\"\"><small>von <a href=\"\/\/www.presseportal.de\" target=\"_blank\" title=\"www.presseportal.de\">info@presseportal.de (presseportal.de)<\/a> am 19. Mai 2026 um 04:09 <\/small><p>Helmstedt (ots) &#8211; 18.05.2026, 20:03 Uhr. Fechtboden, Helmstedt. Gemeldet wurde ein Feuer im Geb\u00e4ude im Fechtboden, des Weiteren sollten sich noch Personen im Geb\u00e4ude befinden. Bei Eintreffen der ersten Einsatzkr\u00e4fte brannten &#8230;<\/p><\/div><\/li><\/ul> <\/div><style type=\"text\/css\" media=\"all\">.feedzy-rss .rss_item .rss_image{float:left;position:relative;border:none;text-decoration:none;max-width:100%}.feedzy-rss .rss_item .rss_image span{display:inline-block;position:absolute;width:100%;height:100%;background-position:50%;background-size:cover}.feedzy-rss .rss_item .rss_image{margin:.3em 1em 0 0;content-visibility:auto}.feedzy-rss ul{list-style:none}.feedzy-rss ul li{display:inline-block}<\/style>","protected":false},"excerpt":{"rendered":"","protected":false},"author":1,"featured_media":0,"parent":0,"menu_order":0,"comment_status":"closed","ping_status":"closed","template":"","meta":{"footnotes":"","_members_access_role":[],"_members_access_error":""},"class_list":["post-9864","page","type-page","status-publish","hentry"],"jetpack_sharing_enabled":true,"_links":{"self":[{"href":"https:\/\/feuerwehr-helmstedt.de\/index.php?rest_route=\/wp\/v2\/pages\/9864","targetHints":{"allow":["GET"]}}],"collection":[{"href":"https:\/\/feuerwehr-helmstedt.de\/index.php?rest_route=\/wp\/v2\/pages"}],"about":[{"href":"https:\/\/feuerwehr-helmstedt.de\/index.php?rest_route=\/wp\/v2\/types\/page"}],"author":[{"embeddable":true,"href":"https:\/\/feuerwehr-helmstedt.de\/index.php?rest_route=\/wp\/v2\/users\/1"}],"replies":[{"embeddable":true,"href":"https:\/\/feuerwehr-helmstedt.de\/index.php?rest_route=%2Fwp%2Fv2%2Fcomments&post=9864"}],"version-history":[{"count":1,"href":"https:\/\/feuerwehr-helmstedt.de\/index.php?rest_route=\/wp\/v2\/pages\/9864\/revisions"}],"predecessor-version":[{"id":9865,"href":"https:\/\/feuerwehr-helmstedt.de\/index.php?rest_route=\/wp\/v2\/pages\/9864\/revisions\/9865"}],"wp:attachment":[{"href":"https:\/\/feuerwehr-helmstedt.de\/index.php?rest_route=%2Fwp%2Fv2%2Fmedia&parent=9864"}],"curies":[{"name":"wp","href":"https:\/\/api.w.org\/{rel}","templated":true}]}}

<div class="feedzy-00f5730e763de1922d77ed5dfa4883cc feedzy-rss"><div class="rss_header"><h2><a href="https://www.presseportal.de/blaulicht/nr/154352" class="rss_title" rel="noopener">Presseportal.de &#8211; Feuerwehr Helmstedt</a> <span class="rss_description"> Portal für aktuelle Presseinformationen von diversen Polizeistationen in Deutschland</span></h2></div><ul><li  style="padding: 15px 0 25px" class="rss_item"><div class="rss_image" style="height:150px;width:150px;"><a href="https://www.presseportal.de/blaulicht/pm/154352/6337940" target="_blank" rel=" noopener" title="FW Helmstedt: Lkw Auflieger brennt auf Autobahn" style="height:150px;width:150px;"><img decoding="async" src="https://cache.pressmailing.net/thumbnail/story_small/e9e55518-e5e4-4584-beb3-4dbcfcca6e42/49183edb-dafc-4871-b~0-7ba9c34be117.jpeg" title="FW Helmstedt: Lkw Auflieger brennt auf Autobahn" style="height:150px;width:150px"></a></div><span class="title"><a href="https://www.presseportal.de/blaulicht/pm/154352/6337940" target="_blank" rel=" noopener">FW Helmstedt: Lkw Auflieger brennt auf Autobahn</a></span><div class="rss_content" style=""><small>von <a href="//www.presseportal.de" target="_blank" title="www.presseportal.de">info@presseportal.de (presseportal.de)</a> am 22. August 2026 um 07:03 </small><p>Helmstedt (ots) &#8211; 22.08.2026, 05:01 Uhr. Rennau &gt; HE-West, BAB2 Gemeldet wurde ein brennender LKW auf der BAB2 in Fahrtrichtung Berlin. Vor Ort bestätigte sich die Meldung, es brannte ein Auflieger beladen mit Getränkeflaschen bereits in voller &#8230;</p></div></li><li  style="padding: 15px 0 25px" class="rss_item"><div class="rss_image" style="height:150px;width:150px;"><a href="https://www.presseportal.de/blaulicht/pm/154352/6333108" target="_blank" rel=" noopener" title="FW Helmstedt: Feuer auf Balkon - Dachstuhl betroffen" style="height:150px;width:150px;"><img decoding="async" src="https://cache.pressmailing.net/thumbnail/story_small/55af5aab-b2ec-42ce-bc1e-e464cf8f9e13/IMG_2233.jpeg" title="FW Helmstedt: Feuer auf Balkon - Dachstuhl betroffen" style="height:150px;width:150px"></a></div><span class="title"><a href="https://www.presseportal.de/blaulicht/pm/154352/6333108" target="_blank" rel=" noopener">FW Helmstedt: Feuer auf Balkon &#8211; Dachstuhl betroffen</a></span><div class="rss_content" style=""><small>von <a href="//www.presseportal.de" target="_blank" title="www.presseportal.de">info@presseportal.de (presseportal.de)</a> am 14. August 2026 um 05:14 </small><p>Helmstedt (ots) &#8211; 🚒 Einsatzinfo Stadt Helmstedt 🚒 13.08.2026, 16:21 Uhr. Ernst-Reuter-Straße, Helmstedt Gemeldet wurde ein Feuer auf einem Balkon mit möglichem Übergriff auf den Dachstuhl eines Mehrfamilienhauses in der &#8230;</p></div></li><li  style="padding: 15px 0 25px" class="rss_item"><div class="rss_image" style="height:150px;width:150px;"><a href="https://www.presseportal.de/blaulicht/pm/154352/6325741" target="_blank" rel=" noopener" title="FW Helmstedt: Altersabteilung besucht Schlachterei" style="height:150px;width:150px;"><img decoding="async" src="https://cache.pressmailing.net/thumbnail/story_small/04485c64-9ddc-4749-b646-9dda5ff589b3/IMG_1972.jpeg" title="FW Helmstedt: Altersabteilung besucht Schlachterei" style="height:150px;width:150px"></a></div><span class="title"><a href="https://www.presseportal.de/blaulicht/pm/154352/6325741" target="_blank" rel=" noopener">FW Helmstedt: Altersabteilung besucht Schlachterei</a></span><div class="rss_content" style=""><small>von <a href="//www.presseportal.de" target="_blank" title="www.presseportal.de">info@presseportal.de (presseportal.de)</a> am 2. August 2026 um 12:11 </small><p>Helmstedt (ots) &#8211; Am Donnerstag, den 30.07.2026, trafen sich die Altersabteilungen der Feuerwehren der Stadt Helmstedt zu einer gemeinsamen Veranstaltung. Ziel war die Besichtigung der Schlachterei Löffelmann in Rennau. Die Veranstaltung wurde von &#8230;</p></div></li><li  style="padding: 15px 0 25px" class="rss_item"><div class="rss_image" style="height:150px;width:150px;"><a href="https://www.presseportal.de/blaulicht/pm/154352/6285293" target="_blank" rel=" noopener" title="FW Helmstedt: Übergabe des neuen Löschgruppenfahrzeuges LF 10" style="height:150px;width:150px;"><img decoding="async" src="https://cache.pressmailing.net/thumbnail/story_small/a7ba6eb8-b361-4125-942d-54dbbbc982cd/IMG_9807.jpeg" title="FW Helmstedt: Übergabe des neuen Löschgruppenfahrzeuges LF 10" style="height:150px;width:150px"></a></div><span class="title"><a href="https://www.presseportal.de/blaulicht/pm/154352/6285293" target="_blank" rel=" noopener">FW Helmstedt: Übergabe des neuen Löschgruppenfahrzeuges LF 10</a></span><div class="rss_content" style=""><small>von <a href="//www.presseportal.de" target="_blank" title="www.presseportal.de">info@presseportal.de (presseportal.de)</a> am 31. Mai 2026 um 15:38 </small><p>Helmstedt (ots) &#8211; Im Rahmen einer Feierstunde am Emmerstedter Feuerwehr-Gerätehaus wurde das neue Löschgruppenfahrzeug LF 10 von der Stadt Helmstedt nun auch offiziell an die Ortsfeuerwehr Emmerstedt übergeben. Wittich Schobert, Bürgermeister &#8230;</p></div></li><li  style="padding: 15px 0 25px" class="rss_item"><div class="rss_image" style="height:150px;width:150px;"><a href="https://www.presseportal.de/blaulicht/pm/154352/6277290" target="_blank" rel=" noopener" title="FW Helmstedt: Wohnungsbrand im Fechtboden" style="height:150px;width:150px;"><img decoding="async" src="https://cache.pressmailing.net/thumbnail/story_small/d664cfd0-f234-4401-a30f-a38494f2dbe0/9b2f4678-c72f-40ec-a~6-0a1b2bb86d5b.jpeg" title="FW Helmstedt: Wohnungsbrand im Fechtboden" style="height:150px;width:150px"></a></div><span class="title"><a href="https://www.presseportal.de/blaulicht/pm/154352/6277290" target="_blank" rel=" noopener">FW Helmstedt: Wohnungsbrand im Fechtboden</a></span><div class="rss_content" style=""><small>von <a href="//www.presseportal.de" target="_blank" title="www.presseportal.de">info@presseportal.de (presseportal.de)</a> am 19. Mai 2026 um 04:09 </small><p>Helmstedt (ots) &#8211; 18.05.2026, 20:03 Uhr. Fechtboden, Helmstedt. Gemeldet wurde ein Feuer im Gebäude im Fechtboden, des Weiteren sollten sich noch Personen im Gebäude befinden. Bei Eintreffen der ersten Einsatzkräfte brannten &#8230;</p></div></li></ul> </div><style type="text/css" media="all">.feedzy-rss .rss_item .rss_image{float:left;position:relative;border:none;text-decoration:none;max-width:100%}.feedzy-rss .rss_item .rss_image span{display:inline-block;position:absolute;width:100%;height:100%;background-position:50%;background-size:cover}.feedzy-rss .rss_item .rss_image{margin:.3em 1em 0 0;content-visibility:auto}.feedzy-rss ul{list-style:none}.feedzy-rss ul li{display:inline-block}</style>
